z(t) = -9*f(t) - 2*s(t). Let p(w) = w**3 - w - 1. Let d be p(1). Give z(d).
-6
Let u(f) = f - 7. Let l be u(0). Let r(j) be the third derivative of j**6/120 + 7*j**5/60 - j**3/6 + 5*j**2. Calculate r(l).
-1
Let z(a) = a**3 - 8*a**2 + 7*a - 6. Suppose -2*q - 357 = -371. Determine z(q).
-6
Suppose 4*d = 2*d + 2. Suppose -g + 2*u - 3 = 0, 3*g - d = -4*u - 10. Let i = -1 + g. Let l(q) = 2*q**2 + 7*q + 5. What is l(i)?
9
Let k(x) = -x + 2. Let o(f) = -14*f - 63. Let y be o(-4). Give k(y).
9
Let z be 1 + 1/(-2)*-2. Let g = z - -1. Let o(j) = -3*j - 4 + 2*j + g*j + 0*j. Calculate o(5).
6
Let y(f) = 8 + 79*f**2 - 87*f**2 + f + 3*f**3 + 0*f**3 - 2*f**3. Calculate y(8).
16
Let g(u) = -u**3 - 10*u**2 - 9*u - 7. Let k(q) = -q**3 + 16*q**2 + 21*q - 77. Let s be k(17). Calculate g(s).
-7
Let k(b) be the second derivative of b**4/12 - b**3 - 5*b**2/2 + 129*b. Let c be 4 + -3*(-1)/3. Determine k(c).
-10
Let h(b) = 0*b + 4*b - 6*b + 0 - 1. Let f be (-50)/(-12) + (-4)/24. Calculate h(f).
-9
Let t(s) = 2*s**2 + 5*s - 4. Let c(z) = z**3 + 17*z**2 - 83*z + 17. Let h be c(-21). Determine t(h).
8
Let k(m) = m**3 - 9*m**2 + 9*m - 7. Let b(s) = 13 + 10 + s + 3 - 4*s. Let r be b(6). Calculate k(r).
1
Let l be (-22 - -32) + (-2 - (1 + -1)). Suppose -l*a - 3 = -5*a. Let j(v) = -8*v**2 - v. Determine j(a).
-7
Let x(g) be the second derivative of -g**6/360 - 3*g**5/40 - g**4/4 + 4*g**3/3 - 3*g. Let a(n) be the second derivative of x(n). What is a(-6)?
12
Let d(z) = -3*z - 26. Let i be (-13)/(104/72) + 2. Determine d(i).
-5
Let n(x) = -x**2 + 3*x + 3. Let j(v) = -v**2 - v + 6*v - 3 - 2 + 6. Let z be j(4). Let r = z + -1. Give n(r).
-1
Let i(m) = -13*m - 9. Let p = 11 + -20. Let s(k) = 0*k - 2 + k - 5*k + k. Let w(q) = p*s(q) + 2*i(q). Calculate w(3).
3
Let h(n) = -n**2 + 9*n - 4. Suppose 5*d - 349 = -24. Suppose d - 58 = k. Give h(k).
10
Let q(r) = -r**2 + 10*r - 2. Suppose -5*v + 2*l = -47, -3*v + 53 = -7*l + 12*l. What is q(v)?
-13
Let c(a) be the first derivative of -a**4/2 - 7*a**3/3 - 5*a**2/2 - 4*a - 249. Give c(-3).
2
Let y(j) = -19*j**2 + 1. Let k = -4 - -23. Let q = k - 20. Calculate y(q).
-18
Let o(h) = 6*h**2 + 18*h - 8. Let w(l) = -l**2 - 2*l - 1. Let j(x) = o(x) + 5*w(x). Give j(-10).
7
Let v(b) = -25*b. Suppose 0 = 8*m - 51*m + 43. What is v(m)?
-25
Let t(k) = -2*k**2 - 29*k - 13. Let f(q) = -3*q**2 - 34*q - 15. Let v(d) = 6*f(d) - 7*t(d). Give v(-3).
-32
Let a(g) = 7*g. Let h be (1 - (3 + 1)) + -3 + 0. Let t be h - 5/((-5)/4). Determine a(t).
-14
Suppose 4*y = 4*b - 4, 4*y = -b - 11 + 22. Let s(q) be the third derivative of 4*q**y + 3/2*q**3 + 0 + 0*q + 1/120*q**6 + 7/60*q**5 + 1/3*q**4. Determine s(-6).
-3
Suppose -c = 4*c + 5. Let q be (c/2)/((-6)/12). Let n be 60/70*-7*q. Let f(a) = a**3 + 6*a**2 + 2. Calculate f(n).
2
Suppose 11*l - 10 = l. Let r(p) = -9*p. Calculate r(l).
-9
Suppose -2*i + 1 = 4*j + 3, -5*i = 2*j + 5. Let c(v) be the second derivative of -v + 0*v**2 + 0 - 7/6*v**3. What is c(i)?
7
Let q = -91 - -136. Let w be 10/q + (-29)/9. Let v(u) = -u**2 - 3*u - 3. Determine v(w).
-3
Let i(m) = -11*m**2 + 7*m**2 + 6 - m - m**3 + 13*m**2 - 1. What is i(9)?
-4
Let t(v) = -2*v - 1. Let i be t(2). Let o(f) = f**2 + 8*f + 3. Determine o(i).
-12
Let s(m) = -7 + 0 + m**2 + 10. Let h = 13 + -14. Let w be 15/30*0/h. Calculate s(w).
3
Suppose 0 = -d + 20 - 1. Let x = 152 + -178. Let l = x + d. Let o(a) = -a**3 - 8*a**2 - 8*a - 6. Give o(l).
1
Let q(i) = -9*i + 86*i**2 - 34*i**2 - 53*i**2 - 4. What is q(-8)?
4
Let d(o) = o**2 + 6*o + 7. Suppose 4*a + 2*q = -a + 34, 6 = 3*q. Suppose -3*v = -3*u + 24, u - a = -2*u. Determine d(v).
7
Let v = -25 + 19. Let h(a) = a + 11. Let d be h(v). Let w(n) = -n + 1. Let y(c) = 4*c + 4. Let u(t) = 3*w(t) + y(t). What is u(d)?
12
Let h(x) = 2*x**2 - x - 2. Suppose 5*r = g - 0*r - 24, -4*g + 3*r = -28. Suppose 2*y - g*y + 6 = 0. Let w be (-24)/(-18) - (-2)/y. Determine h(w).
4
Let r = -54 - -82. Suppose 9*m + r = 10. Let k(d) = -d - 4. Calculate k(m).
-2
Suppose -5*o - 60 = 5*o. Let u(g) = g**2 + 8*g + 7. Give u(o).
-5
Let z(c) = -c**3 - 6*c**2 - 6*c. Let h be (-1)/(-3 - 14/(-4)). Let y be (h - 4)/((-21)/(-14)). Determine z(y).
-8
Let z(v) be the second derivative of -v**3/6 + 21*v**2/2 + v - 51. What is z(9)?
12
Let m(i) = i - 7. Let s be m(6). Let v be 7 - s*(-3 - -3). Let r(c) = -v*c + 3*c - c**2 + 3*c + c**3 + 1. What is r(1)?
0
Let c(t) = -2027*t + t**2 + 1020*t + 7 + 1013*t. What is c(-7)?
14
Let z = 1 + 3. Let k(h) be the third derivative of h**7/2520 - h**6/360 - h**5/120 - h**4/2 + 9*h**2. Let a(s) be the second derivative of k(s). Determine a(z).
7
Let g(c) = -c**3 - 7*c**2 - 5*c - 2. Suppose 3*q = 1 - 1. Let v = -6 - q. Determine g(v).
-8
Let u(s) = -s**3 - 7*s**2 - 7*s + 5. Let y be u(-3). Let c(o) = -3*o - 27. Determine c(y).
3
Let z(r) = 2*r**3 + r**2 - 2*r. Suppose 13 = -2*g + u + 11, 2*g = -3*u - 10. What is z(g)?
-8
Let w(i) = -i**3 - 2*i**2 + 2*i + 2. Let q(l) = -l**3 + 3*l**2 + 6*l - 6. Let m be q(4). Suppose 2 = -m*n + 4. Let g be (12/(-30))/(n/5). What is w(g)?
-2
Let r = -4 + 1. Let w(c) = -4*c + 105. Let f be w(15). Let v(l) = -41 - l**2 - l**2 + f + 3*l**2. Determine v(r).
13
Let o(u) = u**3 - 4*u**2 - u - 1. Let l(z) = z**2. Let q(j) = -3*l(j) - o(j). Let m be q(2). Let b = 5 - m. Let w(c) = -2*c + 9. Determine w(b).
-3
Let o(x) = -x**3 + x**2 + 2*x - 3. Let f be (0/(-4))/(2/6*6). What is o(f)?
-3
Let h be -1 - (1 + 1 + -1). Suppose -2*x + 0*q - 3*q + 13 = 0, -5*q = -4*x + 15. Let r(l) = -3*l - 2 + x*l - l + l. What is r(h)?
-6
Let y(i) be the third derivative of -i**5/60 - 7*i**4/12 - i**3/2 - 3*i**2 - 9. Determine y(-11).
30
Let q(s) be the first derivative of -10*s**3/3 - s**2/2 - 252. Suppose 5*r - 20 = -0*r, -4*f + r = 0. Give q(f).
-11
Suppose 4*v = -0 + 8. Let w(y) = 2 - 2181*y**2 - 2188*y**2 - 3 - 4*y**3 + 6*y**3 + 4371*y**2 - y. Give w(v).
21
Let f(m) = 14*m**2 - 15*m + 4. Let r(o) = 8*o**2 - 8*o + 2. Let q(w) = 3*f(w) - 5*r(w). What is q(3)?
5
Let w = -94 - -106. Let t(b) = b**3 - 12*b**2 - 6. Determine t(w).
-6
Let t(u) = u**2 - 2*u - 14. Let r be t(5). Let v(k) = 0 + k**2 + 6*k - 2*k - r - 2*k. What is v(-3)?
2
Let s(h) = -h + 12. Let r be s(15). Let n(t) = -t + 7. Determine n(r).
10
Let p(w) = -w**3 - 6*w**2 - w - 3. Let b be (-2 + 3)*(-6 - -8). Suppose b*f - 3*o = -21, -5*f - 3*o - 2*o = 15. What is p(f)?
3
Suppose -2*y - 2*y = -4*z - 52, 4*y + 4*z - 52 = 0. Let i(d) = d**2 - 14*d + 17. Determine i(y).
4
Let r = 517 + -513. Let q(i) = i**3 - 5*i**2 + 4*i - 3. What is q(r)?
-3
Let l(k) = -k**2 - k + 2. Let m(a) = 5*a**2 + 4*a + 10. Let p(y) = 6*y**2 + 3*y + 11. Let j(w) = -7*m(w) + 6*p(w). Let i be j(8). Let q = -18 - i. What is l(q)?
-4
Let b(r) = -2*r + 4. Suppose -2*l + 11 = -5. Let w be 5 - (-2 + l/4). Give b(w).
-6
Let b(l) = -10*l + 20. Let z(g) = -g + 1. Let h(c) = -b(c) + 8*z(c). Calculate h(6).
0
Let u(y) = y**3 - 3*y**2 - 7*y + 9. Suppose -15 = 6*k - 27. What is u(k)?
-9
Let c(q) be the first derivative of q**4/4 + q**3/3 - q**2/2 + q - 82. What is c(1)?
2
Let j(i) be the second derivative of -1/12*i**4 - 21*i + 5/6*i**3 + 0 - 3/2*i**2. Give j(4).
1
Let j be (-4)/6*((-1518)/4)/(-23). Let z(d) = -d - 2. Calculate z(j).
9
Let d(b) = -2 - 3*b**2 + 2 + 5 - 16*b + 9*b + 4*b**2. Determine d(4).
-7
Let v(n) = -21*n**2 + 2*n + 1. Let d(m) = -29*m**2 + 3*m + 1. Let q(b) = -8*d(b) + 11*v(b). Suppose 2*t - 2 = -8. Determine q(t).
18
Let p(m) be the first derivative of -m**4/4 + 7*m**3/3 - 7*m**2/2 - 7*m - 3. What is p(6)?
-13
Let b(n) be the second derivative of -n**5/20 - 11*n**4/12 + 5*n**3/3 - 9*n**2/2 - 32*n - 2. Calculate b(-12).
15
Let k(s) = -2*s - s + 26*s**2 - 25*s**2. Determine k(4).
4
Suppose 0 = n, -5*n + 5 = -2*a + 15. Let q(t) = t**2 - 8*t + 15. Give q(a).
0
Let w = -31 - -35. Let i(c) = -c + 4*c + 2*c - w. Calculate i(-3).
-19
Let n(r) = r**2 - 6*r + 9. Let o(v) = -2*v**2 - 3*v + 16. Let k be o(0). Suppose k*j - 24 = 12*j. Determine n(j).
9
Let n = 56 - 171. Let i = n - -119. Let d(a) = 5*a**3 - 5*a**2 + 8*a + 1. Let u(j) = 14*j**3 - 15*j**2 + 23*j + 4. Let w(x) = 11*d(x) - 4*u(x). Give w(i).
-5
Let o be 8 - (-6 - (-4 - 4)). Let j(b) be the second derivative of b**4/12 - b**3 + 2*b**2 + 2*b. Calculate j(o).
4
Let v(h) = -h**3 + 2*h**2 + 4*h - 1. Let f(i) = i**2. Let u(w) = 